(x) = 3*x**2 + x - 5. Let u(c) = 4*c**2 + c - 6. Let t(g) = -3*r(g) + 2*u(g). What is t(b)?
-9
Let c(t) = -t**2 + 2*t + 5. Let q be c(-4). Let d = q + 25. Let a(w) = -2*w**2 - 12*w + 8. Let j(o) = o**2 + o. Let k(z) = -a(z) - 3*j(z). Calculate k(d).
10
Let o be 883/5 + (90/(-25))/6. Suppose 19*w + 3*w + o = 0. Let x(h) be the second derivative of -h**4/12 - 7*h**3/6 + 5*h**2/2 + h. Give x(w).
-3
Let q(k) = -5*k**3 + 2*k**2 - 1. Let m = 35 + -36. Let o be q(m). Let b(v) = v**2 - 10*v + 9. Determine b(o).
-15
Let c(g) = -2*g**2 + 6*g - 4. Suppose -21*r + 4*r = -68. Calculate c(r).
-12
Let m(z) = -3*z**3 + 3*z**2 + 2*z - 2. Let y(q) = 1 + 4*q**3 - 6*q**3 + q**3 - q - q**2. Let b(r) = -m(r) - 2*y(r). What is b(-1)?
-6
Let b(p) = p**3 - 4*p**2 - 26*p + 23. Let v be b(7). Let o(u) = u**3 + 11*u**2 - 12*u + 6. What is o(v)?
6
Let o(q) = -q**2 - 12*q - 19. Let c be o(-10). Let b(a) = a**3 - a + 15 + c + a. Give b(0).
16
Let q(x) = x**2 - 6*x + 5. Suppose -51 = -2*h + u - 0*u, 4*h - 82 = -2*u. Suppose h - 18 = j. Calculate q(j).
0
Let u(d) = 1 - 2*d**2 + 1 + 6 - 6*d - 1. Give u(-5).
-13
Let d(i) = -i**3 + 2 - 5*i**2 + 2*i**3 - 6 - 3*i. Let n(y) = -3 + 2*y**3 + 944*y - 947*y - 4*y**3 - y**3 - 9*y**2. Let o be n(-3). Give d(o).
14
Let m(z) = z**2 + 3*z - 12. Let o = 1674 + -1670. What is m(o)?
16
Let g = 210 - 211. Let f(y) be the first derivative of y**7/120 - 2*y**3/3 + 2. Let p(i) be the third derivative of f(i). What is p(g)?
-7
Suppose l + 5*r = -68, 0*l + 2*l = -3*r - 136. Let j = l + 66. Let f(q) = q**3 - q**2 - 3*q - 2. Calculate f(j).
-8
Let l(g) = 4*g**3 + 12*g**2 + 8*g + 3. Let f(b) = b**3 + 3*b**2 + 2*b + 1. Let c(x) = -9*f(x) + 2*l(x). Let n = -4 - -1. Calculate c(n).
3
Let o(v) = v**2 - 3*v. Let k(y) = y - 3*y**2 + 2*y**2 + 0*y**2. Let w(u) = 4*k(u) + 2*o(u). Determine w(-2).
-4
Let d = 44 + -42. Let n(o) = o**3 + 1 + 6*o**2 + 12*o - 8*o + 0*o**d. Calculate n(-5).
6
Let b(x) = -x**3 - x + 2. Let a be ((-1)/2)/(3/(-24)). Suppose t = -5*f - 2 - 0, -a = 4*f. Let i be 5*(t + 13/(-5)). Give b(i).
-8
Let b = -1 - -6. Let t(u) = -3*u**2 - 39 + 7*u**2 - 38 - u**3 + 74 + 5*u. Calculate t(b).
-3
Let t(y) be the first derivative of -y**4/4 - 2*y**3 - 3*y**2 - 6*y - 1047. Suppose -q = -3*q - 10. Determine t(q).
-1
Suppose 4*j = 3*j. Suppose -5*g + 15 = -j*g, 0 = -f - g - 7. Let i(k) = k**3 + 9*k**2 - 11*k - 12. Give i(f).
-2
Let f(b) = 3*b**2 + 212*b - 207*b + 0 + 6. Calculate f(-4).
34
Suppose m - 1 = -0*m. Let v(y) = -848*y + 426*y + y**2 + 423*y - 1. Give v(m).
1
Suppose 8*s = 440 - 152. Let u(a) = 67*a - 32*a + 8 - s*a. Give u(4).
4
Let g(t) = t**2 + 6*t + 3. Let k(z) = -z**2 + 25*z - 71. Let o be k(22). Calculate g(o).
-2
Let z(c) = -c + 6 - 5 - 1. Let v be z(6). Let o(p) = -p**3 - 7*p**2 - 3*p + 2. Calculate o(v).
-16
Let u(k) = 3 - 103*k - 8 + 108*k. What is u(0)?
-5
Let m = -731 + 724. Let z(i) = -6*i - 3. Determine z(m).
39
Let z(p) = -p**2 + p - 1. Let d(t) = -2*t**2 - 12*t + 20. Let q(j) = d(j) - 3*z(j). What is q(14)?
9
Let x(t) be the third derivative of t**6/120 + t**5/5 - 11*t**4/24 + 7*t**3/2 - 177*t**2. Calculate x(-13).
-5
Let b(u) = -u**2 + 11*u + 5. Let s = 385 - 374. Calculate b(s).
5
Let t(y) be the first derivative of -y**2/2 - y - 1. Suppose -20 = 2*m + 4*i, -4*m - 13 = 4*i + 11. Let q(w) = -w. Let x(d) = m*q(d) + t(d). Determine x(0).
-1
Let y be (1 - -2)/(5 - -1 - 5). Let k(t) = 6*t - 24 + 9 - 3*t**y + 19 - 5*t**2 + 2*t**3. Determine k(-6).
4
Suppose 5*i - 2*f = -6*f + 215, 5*i = 5*f + 215. Suppose 5*j + 20 = 2*c, 5*c + i = 5*j - 8*j. Let v(g) = -g**2 - 7*g + 2. Calculate v(j).
8
Let n be 6/(-4)*(-36)/(-27). Let l(f) = -f**3 + 8*f**2 + f + 1. Let a(d) = -d**3 + 7*d**2 + 1. Let o(r) = n*l(r) + 3*a(r). Calculate o(5).
-9
Let c(i) be the second derivative of -i**5/20 - 5*i**4/12 - i**3/3 - 4*i**2 + 6*i + 8. Give c(-5).
2
Let l(u) = -3*u + 10. Suppose -8*d + 52 = 5*d. What is l(d)?
-2
Suppose 231*j - 8 = 227*j. Let m(n) = -7*n**3 + 3*n**2 - 2*n + 1. Give m(j).
-47
Suppose 11 = 3*v + 2. Let k(t) = -v + 3 - t**2 - 2 - 6*t. What is k(-4)?
6
Let x be (-1)/2 + 50/4. Let n(v) = -v. Let r be n(-5). Let s(a) = x + a - r + 0. What is s(-4)?
3
Let a(h) = -h. Suppose -c - 70 = -11*c. Let i(k) = -3*k + 1. Let q(n) = c*a(n) - 2*i(n). What is q(-4)?
2
Suppose 2*a + 2 = -2. Let b(r) be the second derivative of 0*r**3 + 0 + 1/12*r**4 - r**2 - r. Calculate b(a).
2
Let y(n) be the second derivative of n**5/20 - n**4/12 - 4*n**2 - 5*n. Let u = 47 - 47. Determine y(u).
-8
Let p(j) = 12*j + 2. Let a be p(1). Let n = a - 6. Let z(t) = n*t**3 + 2*t - 1 - 4*t - 7*t**3. Calculate z(-2).
-5
Let t(i) = i**3 + 7*i**2 - 9*i - 6. Suppose -g = -2*u - 19, 3*g + g - 20 = u. What is t(u)?
2
Let b(j) be the first derivative of -4*j**2 + j + 4. Let x be (-1 - -2)*(-3 + 3). Suppose 3*w + w + 4 = x. What is b(w)?
9
Let b = 1108 + -1100. Let l(m) = -2*m**2 + 17*m + 4. Give l(b).
12
Let x(y) be the first derivative of 1/12*y**4 + y - 5 + 7/2*y**2 + y**3. Let g(f) be the first derivative of x(f). What is g(-5)?
2
Suppose -5*z - t = 0, t + 0*t = 3*z. Let j(f) be the second derivative of f**2 - 2*f + 1/6*f**3 + z. Determine j(-2).
0
Suppose -24*a = -11*a + 91. Let d(n) = n**2 + 8*n + 2. Determine d(a).
-5
Let w(i) = -9*i + 59*i**2 + i**3 - 4 + 4 - 29*i**2 - 27*i**2. What is w(-5)?
-5
Let t(h) = -h**2 + 7*h. Let q = -76 - -92. Suppose 3*z - 5 - q = 0. Calculate t(z).
0
Let c(y) = -7*y - 9. Let x(f) = -8*f - 13. Let z(b) = 4*c(b) - 3*x(b). Give z(2).
-5
Let q(u) = 2*u**2 + 3*u**2 - 4*u**2 - 1 + 5*u. Let c be q(-6). Suppose c*v = 2*n - 15, -2*n - v + 8 = v. Let y(x) = -x**2 + 2*x + 1. What is y(n)?
-14
Let n = -53 + 47. Let t(l) = 2*l + 8. Let g be t(n). Let h(r) = r**2 + r + 1. What is h(g)?
13
Let o(z) = -3*z + 5. Let c = 103 + -62. Suppose -12 = -c*t + 39*t. What is o(t)?
-13
Let i = 9 - 17. Let b be (36/(-2))/(-1) + 2. Let u be 12*(b/i - -3). Let o(s) = s + 1. Determine o(u).
7
Let z(i) = i**2 - 21*i - 1. Let k(q) = -q**3 - 20*q**2 + 40*q - 67. Let g be k(-22). What is z(g)?
-1
Suppose -50*d + 53*d = 4*z + 1, -3*d - 35 = 5*z. Let l(a) = a**2 + a + 7. Determine l(d).
27
Let h(b) = b**3 + 11*b**2 + 15*b + 4. Suppose -6*k - 103 = -43. What is h(k)?
-46
Let g(f) = 7*f**2 + f - 9. Let b(c) = -c**2 - c + 1. Let r be 5*(-4)/(-10) + (-1 - 2). Let m(d) = r*g(d) - 6*b(d). Give m(4).
7
Suppose -10*p + 19*p = -72. Let f(d) = 4*d + 6. Determine f(p).
-26
Suppose 0 = -4*w + 2*w + 6. Suppose 24 = -5*n - v, -2*n + 0 = w*v + 7. Let o(i) be the second derivative of i**3/3 - i**2 - 218*i - 2. Calculate o(n).
-12
Let u(c) = -c**2 - 5*c - 6. Let o(z) be the third derivative of z**5/60 - 7*z**4/24 + z**3/6 + 8*z**2 - 11. Suppose -17 + 5 = -2*y. Let s be o(y). Give u(s).
-6
Let t(m) = -2*m**3 + 3*m**2 - 2. Suppose 4*q - 5*g + 19 = 1, 0 = g - 2. Calculate t(q).
26
Let s(f) = 3*f - 13. Let j(y) = y**2 - 23*y - 14. Let a be j(24). Give s(a).
17
Suppose 2*j - 3*i = -6*i - 9, -3*i = -j. Let b(f) be the third derivative of -f**4/12 - f**3/2 - 31*f**2 + 8. Calculate b(j).
3
Let f(o) = 2*o - 4*o + o + 2. Suppose -4*s = q - 0*s - 12, -3*s = 5*q - 43. Let m be -2*(-4)/q - -3. Determine f(m).
-2
Suppose -4*m - 11 = -p, -3*m + 44 = 5*p + 35. Let o(j) = -j**3 + 2*j**2 + 5*j + 3. Calculate o(p).
9
Suppose -3*j - 3*j = 300. Let v = -45 - j. Let d(a) = -a**2 + 4*a + 7. Give d(v).
2
Let d(l) = 5*l. Suppose 2*s + 1 = 3*s. Let g be d(s). Suppose -4*y = g + 7, -z + 5*y + 8 = 0. Let o(t) = t**3 + 6*t**2 - 7*t. What is o(z)?
0
Let d = 27 + -11. Let m = d - 21. Let y(l) = -l**2 - 7*l - 7. Determine y(m).
3
Let t(j) be the first derivative of -3*j**2 - 5 + 1/3*j**3 - 4*j. What is t(7)?
3
Let a(l) = -5*l - 6. Let j(v) be the second derivative of -5*v**3/6 - 5*v**2/2 - v + 5. Let r(d) = 5*a(d) - 6*j(d). Calculate r(2).
10
Let m = -5 - -9. Let l(y) = 2*y + 0*y - 51 + 25 + 24. Determine l(m).
6
Let k(c) = 7*c - 28*c**2 + 12*c**2 + 10*c**2 + 13 + 5*c**2. Calculate k(9).
-5
Let v(j) = 13*j. Let o(l) = 3*l - 1. Let k(i) = -9*o(i) + 2*v(i). Calculate k(13).
-4
Let m(b) = -3573 + 0*b + 3571 - 2*b. What is m(2)?
-6
Let f(g) = 3*g**2 + 24*g + 8. Suppose 4*s = -5*d - 42, s - 2*d - d + 2 = 0. What is f(s)?
8
Let m(v) = 16 + 2*v**2 - 14*v + 26 - 37 + 2*v**2 - 3*v**2. Calculate m(8).
-43
Suppose -4*l - 45 = -5*s, 0 = 3*l - 1 + 